{"id":120,"date":"2022-10-01T13:01:33","date_gmt":"2022-10-01T11:01:33","guid":{"rendered":"https:\/\/metaslagelse.dk\/?page_id=120"},"modified":"2025-02-02T12:43:35","modified_gmt":"2025-02-02T11:43:35","slug":"priser","status":"publish","type":"page","link":"https:\/\/metaslagelse.dk\/index.php\/priser\/","title":{"rendered":"Priser"},"content":{"rendered":"<p>[et_pb_section fb_built=&#8221;1&#8243; _builder_version=&#8221;4.18.0&#8243; _module_preset=&#8221;default&#8221; global_colors_info=&#8221;{}&#8221;][et_pb_row column_structure=&#8221;1_2,1_4,1_4&#8243; make_equal=&#8221;on&#8221; _builder_version=&#8221;4.18.0&#8243; _module_preset=&#8221;default&#8221; global_colors_info=&#8221;{}&#8221;][et_pb_column type=&#8221;1_2&#8243; _builder_version=&#8221;4.18.0&#8243; _module_preset=&#8221;default&#8221; global_colors_info=&#8221;{}&#8221;][et_pb_cta title=&#8221;Gratis introduktion&#8221; button_text=&#8221;Click Here&#8221; _builder_version=&#8221;4.21.0&#8243; _module_preset=&#8221;default&#8221; background_color=&#8221;#006666&#8243; custom_margin=&#8221;||||true|false&#8221; global_colors_info=&#8221;{}&#8221;]<\/p>\n<p style=\"text-align: justify;\">Er du nysgerrig p\u00e5 &#8220;meta&#8221;? Vi vil gerne give dig en 15 minutters gratis introduktion til den metakognitive metode. Skriv eller ring for at booke en tid.<\/p>\n<p>[\/et_pb_cta][et_pb_cta title=&#8221;Kontakt os i dag&#8221; button_text=&#8221;Click Here&#8221; _builder_version=&#8221;4.18.0&#8243; _module_preset=&#8221;default&#8221; header_text_color=&#8221;#000000&#8243; body_text_color=&#8221;#000000&#8243; background_enable_color=&#8221;off&#8221; custom_margin=&#8221;||||false|false&#8221; box_shadow_style=&#8221;preset2&#8243; global_colors_info=&#8221;{}&#8221;]<\/p>\n<p style=\"text-align: center;\"><a href=\"mailto:hej@metaslagelse.dk\">hej@metaslagelse.dk<\/a><\/p>\n<p style=\"text-align: center;\"><a href=\"call:25%2094 38 38\">25 94 38 38<\/a><\/p>\n<p>[\/et_pb_cta][\/et_pb_column][et_pb_column type=&#8221;1_4&#8243; _builder_version=&#8221;4.18.0&#8243; _module_preset=&#8221;default&#8221; box_shadow_style=&#8221;preset2&#8243; global_colors_info=&#8221;{}&#8221;][et_pb_blurb title=&#8221;Samtale&#8221; use_icon=&#8221;on&#8221; font_icon=&#8221;&#xf075;||fa||900&#8243; icon_color=&#8221;#006666&#8243; _builder_version=&#8221;4.27.4&#8243; _module_preset=&#8221;default&#8221; custom_padding=&#8221;10px|20px|10px|20px|true|true&#8221; hover_enabled=&#8221;0&#8243; global_colors_info=&#8221;{}&#8221; sticky_enabled=&#8221;0&#8243;]<\/p>\n<p>Individuel metakognitiv samtale<\/p>\n<p>50 minutter<\/p>\n<p>750 kr. inkl moms<\/p>\n<p>[\/et_pb_blurb][\/et_pb_column][et_pb_column type=&#8221;1_4&#8243; _builder_version=&#8221;4.18.0&#8243; _module_preset=&#8221;default&#8221; box_shadow_style=&#8221;preset2&#8243; global_colors_info=&#8221;{}&#8221;][et_pb_blurb title=&#8221;Forl\u00f8b med tankeh\u00e5ndtering&#8221; use_icon=&#8221;on&#8221; font_icon=&#8221;&#xf4ad;||fa||900&#8243; icon_color=&#8221;#006666&#8243; _builder_version=&#8221;4.27.4&#8243; _module_preset=&#8221;default&#8221; custom_padding=&#8221;10px|17px|10px|17px|true|true&#8221; hover_enabled=&#8221;0&#8243; global_colors_info=&#8221;{}&#8221; sticky_enabled=&#8221;0&#8243;]<\/p>\n<p>Metakognitive samtaler<\/p>\n<p>5 samtaler \u00e1 50 minutter<\/p>\n<p>3490 kr. inkl moms (698 kr. pr samtale)<\/p>\n<p>[\/et_pb_blurb][\/et_pb_column][\/et_pb_row][\/et_pb_section][et_pb_section fb_built=&#8221;1&#8243; _builder_version=&#8221;4.18.0&#8243; _module_preset=&#8221;default&#8221; custom_margin=&#8221;||||false|false&#8221; custom_padding=&#8221;||||false|false&#8221; top_divider_style=&#8221;waves2&#8243; top_divider_color=&#8221;#006666&#8243; top_divider_height=&#8221;54px&#8221; global_colors_info=&#8221;{}&#8221;][et_pb_row column_structure=&#8221;1_4,1_4,1_2&#8243; make_equal=&#8221;on&#8221; _builder_version=&#8221;4.18.0&#8243; _module_preset=&#8221;default&#8221; custom_margin=&#8221;35px||||false|false&#8221; global_colors_info=&#8221;{}&#8221;][et_pb_column type=&#8221;1_4&#8243; _builder_version=&#8221;4.18.0&#8243; _module_preset=&#8221;default&#8221; custom_padding=&#8221;20px|20px|20px|20px|true|true&#8221; box_shadow_style=&#8221;preset2&#8243; global_colors_info=&#8221;{}&#8221;][et_pb_blurb title=&#8221;Samtale &#8211; virksomheder&#8221; use_icon=&#8221;on&#8221; font_icon=&#8221;&#xf27a;||fa||900&#8243; icon_color=&#8221;#006666&#8243; _builder_version=&#8221;4.27.4&#8243; _module_preset=&#8221;default&#8221; hover_enabled=&#8221;0&#8243; global_colors_info=&#8221;{}&#8221; sticky_enabled=&#8221;0&#8243;]<\/p>\n<p>Individuel metakognitiv samtale<\/p>\n<p>50 minutter<\/p>\n<p>950 kr plus moms<\/p>\n<p>&nbsp;<\/p>\n<p>&nbsp;<\/p>\n<p>&nbsp;<\/p>\n<p>[\/et_pb_blurb][\/et_pb_column][et_pb_column type=&#8221;1_4&#8243; _builder_version=&#8221;4.18.0&#8243; _module_preset=&#8221;default&#8221; custom_padding=&#8221;20px|20px|20px|20px|true|true&#8221; box_shadow_style=&#8221;preset2&#8243; global_colors_info=&#8221;{}&#8221;][et_pb_blurb title=&#8221;Foredrag &#8211; virksomheder&#8221; use_icon=&#8221;on&#8221; font_icon=&#8221;&#xf27a;||fa||400&#8243; icon_color=&#8221;#006666&#8243; _builder_version=&#8221;4.18.0&#8243; _module_preset=&#8221;default&#8221; global_colors_info=&#8221;{}&#8221;]<\/p>\n<p>Vi tilbyder stressforebyggende kurser\u00a0 og gratis informationsm\u00f8der<\/p>\n<p>Ring for at h\u00f8re n\u00e6rmere.<\/p>\n<p>&nbsp;<\/p>\n<p>&nbsp;<\/p>\n<p>&nbsp;<\/p>\n<p>[\/et_pb_blurb][\/et_pb_column][et_pb_column type=&#8221;1_2&#8243; _builder_version=&#8221;4.18.0&#8243; _module_preset=&#8221;default&#8221; global_colors_info=&#8221;{}&#8221;][et_pb_cta title=&#8221;Hvor stort et problem er stress?&#8221; button_text=&#8221;Click Here&#8221; _builder_version=&#8221;4.18.0&#8243; _module_preset=&#8221;default&#8221; background_color=&#8221;#006666&#8243; global_colors_info=&#8221;{}&#8221;]<\/p>\n<p style=\"text-align: justify;\">I en nyere unders\u00f8gelse (2021) fra Statens Institut for Folkesundhed, svarer 23,2% af dem der er i arbejde &#8211; alts\u00e5 en ud af fire &#8211; at de oplever et h\u00f8jt stressniveau. Det betyder store udgifter for danske virksomheder n\u00e5r medarbejdere sygemeldes med stress. Vi har dog set rigtig mange eksempler p\u00e5 at metakognitive principper p\u00e5 kort tid kan hj\u00e6lpe med at undg\u00e5 eller mindske stress. Kontakt os for at f\u00e5 mere at vide.<\/p>\n<p>[\/et_pb_cta][\/et_pb_column][\/et_pb_row][\/et_pb_section]<\/p>\n","protected":false},"excerpt":{"rendered":"<p>Er du nysgerrig p\u00e5 &#8220;meta&#8221;? Vi vil gerne give dig en 15 minutters gratis introduktion til den metakognitive metode. Skriv eller ring for at booke en tid.hej@metaslagelse.dk 25 94 38 38Individuel metakognitiv samtale 50 minutter 750 kr. inkl momsMetakognitive samtaler 5 samtaler \u00e1 50 minutter 3490 kr. inkl moms (698 kr. pr samtale)Individuel metakognitiv samtale [&hellip;]<\/p>\n","protected":false},"author":1,"featured_media":0,"parent":0,"menu_order":0,"comment_status":"closed","ping_status":"closed","template":"","meta":{"_et_pb_use_builder":"on","_et_pb_old_content":"","_et_gb_content_width":"","footnotes":""},"class_list":["post-120","page","type-page","status-publish","hentry"],"_links":{"self":[{"href":"https:\/\/metaslagelse.dk\/index.php\/wp-json\/wp\/v2\/pages\/120","targetHints":{"allow":["GET"]}}],"collection":[{"href":"https:\/\/metaslagelse.dk\/index.php\/wp-json\/wp\/v2\/pages"}],"about":[{"href":"https:\/\/metaslagelse.dk\/index.php\/wp-json\/wp\/v2\/types\/page"}],"author":[{"embeddable":true,"href":"https:\/\/metaslagelse.dk\/index.php\/wp-json\/wp\/v2\/users\/1"}],"replies":[{"embeddable":true,"href":"https:\/\/metaslagelse.dk\/index.php\/wp-json\/wp\/v2\/comments?post=120"}],"version-history":[{"count":17,"href":"https:\/\/metaslagelse.dk\/index.php\/wp-json\/wp\/v2\/pages\/120\/revisions"}],"predecessor-version":[{"id":229,"href":"https:\/\/metaslagelse.dk\/index.php\/wp-json\/wp\/v2\/pages\/120\/revisions\/229"}],"wp:attachment":[{"href":"https:\/\/metaslagelse.dk\/index.php\/wp-json\/wp\/v2\/media?parent=120"}],"curies":[{"name":"wp","href":"https:\/\/api.w.org\/{rel}","templated":true}]}}